e (-10)/25 - (-87)/5. Calculate the highest common factor of 85 and i.
17
Let f(u) = 9*u**2 - 11. Let n be f(-3). What is the greatest common factor of 14 and n?
14
Suppose -4*u - 18 = 30. Let h be (u/(-9))/((-2)/(-18)). Suppose 0 = -3*w - 0*w + h. Calculate the greatest common divisor of 16 and w.
4
Let r(c) = 16*c**2 - 3*c. Let y be r(-3). Suppose p - 64 + 13 = -2*f, 4*f - p - 111 = 0. Let t be 465/f - 6/27. Calculate the highest common divisor of t and y.
17
Let o(f) = -f**2 + 8*f - 3. Let r be o(7). Suppose 9 = -r*v + 65. Calculate the greatest common factor of 98 and v.
14
Let m be (8/2)/12*-6 + 9. Calculate the greatest common divisor of 7 and m.
7
Let r(n) = 5*n**2 - 4*n - 4. Let l be r(-1). What is the greatest common factor of 15 and l?
5
Let g = 357 + -211. Suppose -2*z + 3*i = -0*z - g, 3*z - 202 = -4*i. Calculate the highest common factor of 14 and z.
14
Suppose 5*b + 3*g + 10 = 0, b + 3*g = -2*b - 12. What is the highest common divisor of b and 3?
1
Let n be 6 - -1 - (4 + -1). Suppose 0 = -n*s + 7*s - 126. Calculate the greatest common divisor of s and 14.
14
Let j be (1 - (-2 + 0)) + 27. Suppose w - 3*g - 2*g = 28, -4*g - j = -w. Calculate the greatest common factor of w and 57.
19
Suppose -5*v + 239 = -21. Suppose 0 = -f - f - v. Let o = f - -44. Calculate the highest common factor of o and 54.
18
Let k be (8/(-6))/((-8)/72). Let y(a) = a**3 - 13*a**2 + 14*a - 14. Let f be y(k). What is the highest common factor of 90 and f?
10
Let p be 20/15*6/4. Let q be (2 - -2) + p + 2. Suppose -4*v - 20 = 0, 4*v = -3*x - v - 1. What is the highest common divisor of q and x?
8
Suppose 3*f - 188 = -50. What is the highest common factor of f and 115?
23
Suppose -4*s + 5*s - 100 = -5*o, -o + 16 = s. Calculate the greatest common divisor of o and 14.
7
Let q be 2*((-10)/(-15))/((-1)/(-3)). Calculate the greatest common factor of 4 and q.
4
Let c(x) = x + 7. Let w be c(-5). Suppose 0 = w*j, 3*i + 304 = -i - 4*j. Let d = i - -181. Calculate the greatest common divisor of d and 15.
15
Suppose h = 3*h - 20. Let u = h + -6. Suppose 6 = u*c - 18. What is the highest common divisor of c and 6?
6
Suppose 4 + 4 = 4*x. Suppose x*s - 2*z = -5*z + 34, -2*s + z + 26 = 0. Calculate the greatest common factor of 28 and s.
14
Suppose -86 = -2*g - 22. Calculate the highest common divisor of 352 and g.
32
Let k(r) = r**2 + r + 5. Let d be k(0). Suppose -6 = 2*j, -d*c - 4*j + 15 = -2*c. Calculate the highest common factor of 72 and c.
9
Let l be -10 + (2 - (2 + 0)). Let n = -14 - l. Let i(d) = d**2 + d. Let z be i(n). Calculate the highest common factor of z and 3.
3
Suppose -3*q - 33 = -6*q. What is the greatest common divisor of q and 1?
1
Suppose -3*g + 2*x + 56 = 2*g, -g + 5*x + 25 = 0. Let m(r) = -14*r - 4. Let t be m(-6). What is the highest common divisor of t and g?
10
Let h = -9 + 34. Calculate the greatest common divisor of h and 50.
25
Let v be 33/4 + 9/(-36). What is the greatest common factor of v and 40?
8
Let h(j) = j + 1. Let p be h(-7). Let s be (-69)/(-21) + p/21. Suppose -4*i - 3*n = -48, -2*n = 3*i - s*n - 23. What is the greatest common factor of i and 3?
3
Suppose 21 = 5*g - 9. Let n = 10 - g. Suppose -3*l = -n*l + 35. What is the highest common divisor of 7 and l?
7
Suppose 84 = 8*w - 5*w. Calculate the greatest common divisor of w and 14.
14
Let v(k) = k**2 + 8*k + 6. Let s be v(-8). Let d be (-2 - -1)/((-2)/s). Suppose 0 = d*h - 0*h - 48. Calculate the highest common divisor of 4 and h.
4
Suppose -10*j = -9*j - 23. What is the highest common factor of j and 161?
23
Let r(v) = v**3 - 10*v**2 - v + 17. Let p be r(10). Let m be (-105)/(-12)*1*28. Suppose 2*g - m = -3*g. What is the greatest common factor of p and g?
7
Let h(t) = -2*t**2 + 24*t + 4. Let p be h(12). What is the highest common factor of p and 112?
4
Let r(y) = y - 1. Let b be r(4). Suppose 4*o = 2*f + 9 + 3, f = -4*o. Let g = b - f. Calculate the highest common divisor of g and 7.
7
Suppose -4*d + a + 235 = 0, -3*d - 2*a + 175 = -3*a. Calculate the greatest common divisor of d and 12.
12
Let s be (-15)/(-2)*(-4)/(-5). Suppose -2*m = -5*m + 3. Let i be 1/(m - 130/132). What is the greatest common divisor of s and i?
6
Let k be 6/(2/(16/(-6))). Let v(t) = -t**3 - 8*t**2. Let u be v(k). Let i(x) = -x**2 + x + 13. Let s be i(u). Calculate the highest common divisor of s and 52.
13
Let d be (2 + 3)*(0 + -4). Let r = -18 - d. What is the highest common factor of r and 3?
1
Let m = 5 + -1. Suppose 4*u - 112 = -3*d, -5*u + 24 - m = 0. Let r = -14 + d. Calculate the greatest common divisor of r and 12.
6
Let g be -1 - (-7)/((-21)/(-48)). What is the greatest common divisor of 165 and g?
15
Suppose 2*o = 5*o. Suppose 3*f - 105 + 0 = o. What is the highest common factor of f and 14?
7
Suppose -3*v = 5*n - 90, -2*n - 47 = -4*n + v. Calculate the greatest common factor of 28 and n.
7
Suppose 4*k = 9*u - 5*u, 0 = -u + 3*k - 10. Calculate the highest common divisor of 35 and u.
5
Suppose 5*w - 4*w - 90 = 0. What is the greatest common factor of w and 10?
10
Suppose 184*x - 148 = 180*x. What is the highest common factor of x and 333?
37
Let n be 25/50 - 54/(-4). Calculate the highest common divisor of 14 and n.
14
Let l = -1 + 8. Suppose -3*p + 2*p = -28. What is the highest common divisor of l and p?
7
Suppose 0 = -3*y + u + 4, -2*y + 2*u = -0*y - 4. Calculate the highest common divisor of y and 5.
1
Let p = -37 + 55. Let z = p - 10. Let j(i) = 23*i**2 + i. Let y be j(1). Calculate the highest common divisor of z and y.
8
Let i = -3 + 10. Let r be i/1 + (3 - 1). Calculate the greatest common factor of 45 and r.
9
Suppose 5*t + 5*o = 320, 0*o - 72 = -t - 3*o. Suppose 4*h - 75 = -h. Calculate the highest common factor of h and t.
15
Suppose -r - 5 + 15 = -4*l, 3*r = 5*l + 23. What is the greatest common factor of 42 and r?
6
Let x = 4 + -8. Let s be (-1)/x - 3777/(-12). Suppose k = 6*k - s. What is the highest common divisor of 7 and k?
7
Let c be -3*8/(-12)*1. What is the greatest common divisor of 16 and c?
2
Suppose -2*a + 9 = 5. What is the highest common factor of a and 14?
2
Let j(i) = i**3 - 5*i**2 - 3*i - 6. Let n = -17 - -4. Let l = n + 19. Let q be j(l). Calculate the highest common divisor of 3 and q.
3
Suppose w = 4*l - 123, l - 5 = 4*w + 7. What is the greatest common divisor of 96 and l?
32
Let j be 5 - ((-4)/2 - -5). What is the greatest common factor of j and 12?
2
Let y be (-1 + 5)/(2/7). Suppose 0 = -3*c + 2*c + y. Suppose 0 = 5*p - 289 + 79. Calculate the greatest common divisor of p and c.
14
Let j = -6 + 9. Calculate the highest common factor of 24 and j.
3
Let s(o) = o**2 + 11*o + 30. Let u be s(-10). What is the highest common divisor of 30 and u?
10
Let k = 103 - 91. What is the greatest common factor of 60 and k?
12
Suppose -5 = -5*t, s + s - 39 = -3*t. What is the highest common factor of 27 and s?
9
Suppose -3*z - 45 = -8*z + 3*h, 0 = -3*z + h + 27. Calculate the highest common factor of z and 99.
9
Suppose 4*a = 5*a - 48. What is the greatest common factor of a and 12?
12
Let m be (69/9 + 0)*33. Calculate the highest common divisor of 23 and m.
23
Let a = -13 + 16. Suppose w + 5*j - 29 = a*j, 0 = 4*w + 2*j - 98. What is the greatest common factor of w and 46?
23
Let c = -83 - -147. Calculate the highest common factor of c and 16.
16
Let k(q) = 4*q - 3. Let z be k(6). Let n be -1 + -3 + (3 - 2). Let i be 2/n*42/(-4). Calculate the greatest common factor of i and z.
7
Suppose -6 = -2*w + 4*h + 46, 3*h = -5*w + 130. Calculate the highest common divisor of 286 and w.
26
Suppose -1 = w - 2. Suppose 4*p = -5*g - 5, -3*p - 6*g = -3*g. Calculate the highest common divisor of w and p.
1
Let d be (39 - 1) + (-1 - -1). Suppose 0 = 5*p - 13 + 38. Let q be 16 - (-5)/(p/(-3)). What is the highest common factor of q and d?
19
Suppose 0 = -3*a + 2 + 1. Suppose 9 = -d - 2*p, -3*d + p + 3 = -5*d. Calculate the highest common divisor of d and a.
1
Let x be (3 + 22/(-4))*-22. Calculate the greatest common divisor of 605 and x.
55
Let h = 108 - 64. Let d(c) = c - 28. Let p be d(0). Let a = h + p. Calculate the highest common divisor of 64 and a.
16
Suppose -2*u + 26 = 4*v, -2*v + 0*v = -u - 23. Calculate the highest common factor of v and 99.
9
Let f(k) = k**2 - 3. Let u be f(3). Wha